e 712 = q*v - 2*v - 3*r, 3599 = 5*v - 2*r. What is the units digit of v?
1
What is the thousands digit of -37378*(3 + 210/(-66))?
6
What is the hundreds digit of 8265 - ((-136)/(-8) - 5)?
2
Let p = -35660 - -52311. Suppose -5443 = 24*n - p. What is the units digit of n?
7
Suppose -252076 = 105*v - 770671. What is the hundreds digit of v?
9
Let h = -420 + 422. Suppose h*d - 3910 = -3*z, 4*z - d + 1305 = 5*z. What is the tens digit of z?
0
Let h(o) = -11875*o - 66. What is the thousands digit of h(-3)?
5
Suppose -14*t - 9*t = -243326 - 96867. What is the hundreds digit of t?
7
Let h = 19494 + 1112. What is the ten thousands digit of h?
2
Suppose -79161 = -3*w - 3*p, 2*w + 761 - 53541 = 4*p. What is the tens digit of w?
8
Suppose 0*n + 2*m = 4*n - 108, 3*m + 6 = 0. What is the hundreds digit of n/((-3 - -5)/8)?
1
Let t be ((-288)/20)/(1/(-5)). Suppose 4*j = -5*z + 135, -4*z = -3*j - j - t. Suppose -5*m - z = -8, -5*k + 286 = -2*m. What is the units digit of k?
6
Suppose y - 26 = -y - 2*f, -3*y + 2*f = -39. Suppose y*p = 14*p - 9. Suppose -p*s + 88 = -101. What is the tens digit of s?
2
Suppose 5*x - 66 = -4*i, 0*x - 3*x + 39 = 3*i. Suppose -7*q = 2*o + 2*q - 70, -22 = -2*o + 3*q. Suppose -x*m - 291 = -o*m. What is the units digit of m?
7
Let t = 4824 + -4467. What is the tens digit of t?
5
Suppose -r + 5 + 0 = 0. Suppose r*i = 0, 2*h - 4*i - 18 = -h. What is the units digit of -347*(-3)/15 - h/15?
9
Let f(j) = 5*j + 10. Let m be f(-4). Let y(u) = 5*u**2 + 19*u + 43. What is the units digit of y(m)?
3
Suppose 22*h - 36*h - 193752 = -40*h. What is the tens digit of h?
5
What is the thousands digit of 607540/(-111)*72/(-16)?
4
Suppose -4*y = -3*f - 3 - 8, -3*y + 9 = -2*f. Let c(t) = -t**2 - 7*t - 4. Let h be c(-6). What is the hundreds digit of h/(y/(60/(-8))) - -121?
1
Suppose p - 18 = 7*p. Let z(y) = 15*y**2 + 10*y + 6. Let k(r) = r**2 + r + 1. Let g(f) = -6*k(f) + z(f). What is the units digit of g(p)?
9
Let t(h) = -79 + 20 + 27 + 25 + 147*h. What is the units digit of t(2)?
7
Let z = -3271 + 3309. Suppose -3*g - 3*t = 9, 3*g = 4*t - 7 - 23. Let o = g + z. What is the units digit of o?
2
Let v be (-55856)/(-48) - ((-14)/6 + 2). Suppose -5*c + v = -r, 5*r = -c + 2*r + 236. What is the tens digit of c?
3
Let p(y) = y**3 - 6*y**2 + 15*y + 665. What is the thousands digit of p(22)?
8
Suppose -27*w = -29*w + 98. Let p = w - 47. Suppose a + 242 = 5*s, -5*s = -p*a - 2*a - 233. What is the tens digit of s?
4
Suppose -5*o + 2*v - 272 = 0, -4*o - 28*v = -30*v + 218. Suppose -3*g = -k - 830 + 20, 5*g + 3*k = 1336. Let i = o + g. What is the tens digit of i?
1
Suppose -112*u + 9 = 3*f - 109*u, 0 = 4*f - 4*u + 20. Let h(w) = 405*w + 1. Let x be h(-1). What is the units digit of (1 - (f - 0))*x/(-8)?
1
Let u = -32808 - -50930. What is the thousands digit of u?
8
Suppose 4*x + 412 = 2*m, 0 = 2*x + 3*x - m + 521. Let l(c) = -c**2 + c - 31. Let b be l(7). Let r = b - x. What is the units digit of r?
2
Let x = -1897 + 5912. Suppose -5*r = -5*i - x, -87*r + i = -84*r - 2405. What is the tens digit of r?
0
Suppose 0 = u - 5*y - 43023, 3*u = -2*y + 109400 + 19669. What is the ten thousands digit of u?
4
Suppose -1101 = -3*o - 2*b + 3*b, 2*o - b - 735 = 0. Let r = o - -979. What is the tens digit of r?
4
Let w(r) = r**3 - r**2 - r + 1. Let x(d) = -4*d**3 + d**2 + 5*d - 9. Let o(z) = 5*w(z) + x(z). Let q be o(3). What is the tens digit of 219/4 + q/(-52)?
5
Let t(q) = 8*q**2 + q**3 + q - 170 + 77 + 119. What is the tens digit of t(-8)?
1
Suppose -22*b + 183 = 7. Let g(w) = -w**3 + 10*w**2 + 3*w + 4. What is the hundreds digit of g(b)?
1
Let d be (-2 + 0)*13064/(-16). Suppose 4*t - 3955 = -5*h, -3286 - d = -5*t + 2*h. What is the units digit of t?
5
Let w = 25817 - 7726. What is the units digit of w?
1
Suppose 2*k - 2276 = 11302. What is the thousands digit of k?
6
Suppose 13*k - 5832 = 9*k + 4104. What is the thousands digit of k?
2
Let d(l) = -l**3 + 5*l**2 - 3*l - 2. Let o = -38 - -42. Let j be d(o). Suppose -j*y + 8 = -28. What is the units digit of y?
8
Let f(d) = -578*d - 1045. What is the tens digit of f(-24)?
2
Let h(c) = -16*c - 20. Let s(j) = 47*j + 61. Let y(k) = -8*h(k) - 3*s(k). Let m(n) = -n**2 + n + 39. Let u be m(-7). What is the tens digit of y(u)?
9
Let w = 4583 - 4575. Suppose -2*i = 4*f - 18, -5*i = 2*f - 24 - 5. What is the units digit of 1/4 + 262/w + f?
5
Let q be ((-39)/65)/(4 + 19/(-5)). What is the hundreds digit of (((-1971)/(-6))/(-9))/(q/54)?
6
Let r(q) = -2*q**3 + 72*q**2 + 69*q + 37. What is the hundreds digit of r(34)?
0
Suppose -612 = 19*w - 21*w. Suppose 7*p - w = 835. What is the tens digit of p?
6
Let g(w) = -w - 8. Let u be g(-8). Let q(h) = h + 17 - 8 + 0*h + 108 - 35. What is the tens digit of q(u)?
8
Let n(h) = -47*h**3 - 2*h**2 + 3*h + 9. Let s(y) = -46*y**3 - 3*y**2 + 3*y + 8. Let d(g) = 4*n(g) - 3*s(g). What is the units digit of d(-2)?
0
Let i(t) be the third derivative of -5*t**4/24 + 33*t**3/2 + 43*t**2. Let u be i(19). What is the hundreds digit of (-6 + u + -129)/(-1)?
1
Let d(w) = -w + 11. Let v(h) = -5*h + 56. Let s(l) = 11*d(l) - 2*v(l). Let o be s(10). What is the tens digit of (-2508)/8*(2/3)/o?
0
Suppose 3*c - 16 - 14 = 0. Suppose -1 = -o + n, 4*o = -o - 4*n - 4. Suppose -3*d + c*d - 553 = o. What is the tens digit of d?
7
Let k = -19568 + 36978. What is the tens digit of k?
1
Let b(w) = 3*w**2 + 32*w + 24. Suppose -35 - 46 = 4*f + 3*j, -f - 44 = -4*j. What is the units digit of b(f)?
4
Let x = 12892 + -8825. What is the thousands digit of x?
4
Suppose -45*q - 537 = -48*q. Let n = q + 407. What is the tens digit of n?
8
Let y(h) = 95*h**3 - 2*h**2 - 3*h - 2. Let t be y(-1). Let k be 600/t + (-1)/(-4). Let w(c) = -c**3 - 4*c**2 + 3*c + 12. What is the units digit of w(k)?
6
What is the thousands digit of (-76552)/(-10) - (6/30)/(5/5)?
7
Suppose -2*y - 4*h + 17 = -5*y, -2*h + 36 = -4*y. Suppose -90*o - 15*o - 1890 = 0. Let w = y - o. What is the units digit of w?
7
What is the thousands digit of 1/((-2)/19 + (-191101)/(-1808059))?
2
Suppose -12588 = -9*q - 3*q. Suppose -6*y = -q + 173. What is the hundreds digit of y?
1
Let l = -1462 + 706. What is the units digit of l/(-77) + 1/(22/4)?
0
Suppose 26*z - 323007 + 115631 = 0. What is the hundreds digit of z?
9
What is the thousands digit of (214*(-261)/(-30))/((-387)/(-3225))?
5
Let l(r) = r**2 + 9*r - 87. Let n be l(6). Let i(h) = 146*h - 11. What is the units digit of i(n)?
7
Suppose -834 = -2*l - 2*s, 2*l = l + 4*s + 437. Suppose 5*h - l = 3954. Suppose -4*a + h = -5. What is the units digit of a?
0
Suppose 0 = -19*u + 77*u - 436972. What is the tens digit of u?
3
Let v(g) = -g**3 - 9*g**2 - 13*g + 9. Let u be v(-7). Suppose -3*w - u*w - 1730 = -5*f, -1050 = -3*f - 3*w. What is the units digit of f?
8
Let z(x) = 2*x**2 - 27*x - 12. Let v be z(14). Let g(y) = -15*y + 1 + 4 + v. What is the tens digit of g(-6)?
9
Let a(j) = -4*j - 35. Let i be a(-11). Suppose q = -4*o + 1357, 4*o - i*o - 4*q + 1699 = 0. What is the units digit of o?
9
Suppose -3*y - j + 6*j - 4 = 0, 2*j = -2. Let z(c) be the first derivative of -11*c**4/4 - 7*c**3/3 - c**2 + 3*c + 16. What is the tens digit of z(y)?
4
What is the units digit of (1 - (-66)/(-30)) + (762734/(-10))/(-7)?
5
Let k be (1/(-2) + -1)/((-2)/(-4)). Let n be (-1)/(1 + k)*440. Suppose 15 = 5*t - n. What is the units digit of t?
7
Suppose 0 = 63*w - 60*w + 2*p - 99418, 4*w + 3*p - 132559 = 0. What is the ten thousands digit of w?
3
Suppose 16980 = -10*y - 0*y. Let m = -1007 - y. What is the tens digit of m?
9
Let g = 138 - 136. Suppose -i - g*t = -121, -4*t - 143 = 4*i - 639. What is the hundreds digit of i?
1
Let i be (-1)/7*-1 - 5494/(-938). What is the hundreds digit of 1*(i/33 + 16156/77)?
2
Let j(v) = -v**3 - 4*v**2 + 3*v + 12. Let q be j(-5). Suppose q*l - 8*l - 9044 = 0. What is the tens digit of l?
4
Suppose 2*x = 998 + 286. Suppose -5*p = -g - x, -5*p + 3*g - 304 = -950. Suppose z - p = -3*r, 2*r = 7*r - 2*z - 195. What is the units digit of r?
1
Let r = -96 + 49. Let c = r + 54. Suppose -c*z + 56 = -0. What is the units digit of z?
8
Let a = 75141 + -32357. What is the tens digit of a?
8
Suppose 1204 = 2*l + 346. Suppose -4*m + l = -411. Suppose 0 = -0*q + 10*q - m. What is the tens digit of q?
2
Let w(i) = -i**3 + 21